{"id":45,"date":"2019-01-04T16:26:07","date_gmt":"2019-01-04T15:26:07","guid":{"rendered":"http:\/\/www.dommusik.at\/?page_id=45"},"modified":"2019-01-04T17:22:27","modified_gmt":"2019-01-04T16:22:27","slug":"willkommen","status":"publish","type":"page","link":"https:\/\/www.dommusik.at\/","title":{"rendered":"Willkommen"},"content":{"rendered":"\n<p>Wir ver\u00f6ffentlichen an dieser Stelle folgenden offenen Brief zur Absetzung des Domorganisten. Der gesamte Brief mit allen mehr als 40 Unterschriften kann <a href=\"http:\/\/www.dommusik.at\/files\/offenerbrief.pdf\">hier<\/a> heruntergeladen werden. <\/p>\n\n\n\n<figure class=\"wp-block-image\"><img loading=\"lazy\" decoding=\"async\" width=\"730\" height=\"670\" src=\"http:\/\/www.dommusik.at\/wp-content\/uploads\/2019\/01\/briefvorne.png\" alt=\"\" class=\"wp-image-49\" srcset=\"https:\/\/www.dommusik.at\/wp-content\/uploads\/2019\/01\/briefvorne.png 730w, https:\/\/www.dommusik.at\/wp-content\/uploads\/2019\/01\/briefvorne-300x275.png 300w\" sizes=\"auto, (max-width: 730px) 100vw, 730px\" \/><\/figure>\n\n\n\n<p>Es gibt bereits einen <a href=\"http:\/\/tinyurl.com\/qgp84zx\">Medienbericht dar\u00fcber mit einer Reaktion des Bischofhofes.<\/a><\/p>\n\n\n\n<p>Dazu unsere Stellungnahme zu dieser Reaktion:<\/p>\n\n\n\n<p>Mit gro\u00dfer Verwunderung haben wir die Stellungnahme des Bischofshofes zur Kenntnis genommen, welche anfragenden Journalisten offenbar gegeben wird.<\/p>\n\n\n\n<p>Die \u00e4u\u00dferst interessante Interpretation, dass die hohe Quantit\u00e4t an kirchenmusikalischen Darbietungen ein Beweis f\u00fcr die hohe Qualit\u00e4t sein m\u00fcsse, wollen wir einmal so dahingestellt lassen.<\/p>\n\n\n\n<p>Sprachlos hat uns dagegen gemacht, dass anfragenden Journalisten offenbar unverfroren vorgelogen wird, Robert Kovacs h\u00e4tte seine Position aus eigenem Wunsch aufgegeben. Eine Aussage, die aufgrund der gegenteiligen Darstellung von Mag. Kovacs selbst an Dreistigkeit kaum zu \u00fcberbieten ist.<\/p>\n\n\n\n<p>Wir hoffen sehr, dass diese Unwahrheit ohne die Kenntnis des Di\u00f6zesanbischofs verbreitet wurde und dass aus dem Bischofshof ehebaldigst eine Richtigstellung erfolgen wird.<\/p>\n\n\n\n<p>DI Peter Buzanits<br>\nDI Christian Leitgeb<br>\nInitiatoren <\/p>\n","protected":false},"excerpt":{"rendered":"<p>Wir ver\u00f6ffentlichen an dieser Stelle folgenden offenen Brief zur Absetzung des Domorganisten. Der gesamte Brief mit allen mehr als 40 Unterschriften kann hier heruntergeladen werden. Es gibt bereits einen Medienbericht dar\u00fcber mit einer Reaktion des Bischofhofes. Dazu unsere Stellungnahme zu dieser Reaktion: Mit gro\u00dfer Verwunderung haben wir die Stellungnahme des Bischofshofes zur Kenntnis genommen, welche &hellip; <\/p>\n<p class=\"link-more\"><a href=\"https:\/\/www.dommusik.at\/\" class=\"more-link\"><span class=\"screen-reader-text\">\u201eWillkommen\u201c <\/span>weiterlesen<\/a><\/p>\n","protected":false},"author":1,"featured_media":0,"parent":0,"menu_order":0,"comment_status":"closed","ping_status":"closed","template":"","meta":{"footnotes":""},"class_list":["post-45","page","type-page","status-publish","hentry"],"_links":{"self":[{"href":"https:\/\/www.dommusik.at\/index.php?rest_route=\/wp\/v2\/pages\/45","targetHints":{"allow":["GET"]}}],"collection":[{"href":"https:\/\/www.dommusik.at\/index.php?rest_route=\/wp\/v2\/pages"}],"about":[{"href":"https:\/\/www.dommusik.at\/index.php?rest_route=\/wp\/v2\/types\/page"}],"author":[{"embeddable":true,"href":"https:\/\/www.dommusik.at\/index.php?rest_route=\/wp\/v2\/users\/1"}],"replies":[{"embeddable":true,"href":"https:\/\/www.dommusik.at\/index.php?rest_route=%2Fwp%2Fv2%2Fcomments&post=45"}],"version-history":[{"count":3,"href":"https:\/\/www.dommusik.at\/index.php?rest_route=\/wp\/v2\/pages\/45\/revisions"}],"predecessor-version":[{"id":51,"href":"https:\/\/www.dommusik.at\/index.php?rest_route=\/wp\/v2\/pages\/45\/revisions\/51"}],"wp:attachment":[{"href":"https:\/\/www.dommusik.at\/index.php?rest_route=%2Fwp%2Fv2%2Fmedia&parent=45"}],"curies":[{"name":"wp","href":"https:\/\/api.w.org\/{rel}","templated":true}]}}